4746. List the prime factors of l.
7, 113
Suppose 34*o - 41*o = -19999. List the prime factors of o.
2857
Suppose 29*h + h - 10860 = 0. What are the prime factors of h?
2, 181
Suppose m = -b + 2, b = 2*m - 3 - 7. What are the prime factors of b*1*(-2 - 1)?
2, 3
Let t(k) = k**2 + 2*k - 13. Let h be 1/8 + 60/32. Suppose -26 = h*n - 6. What are the prime factors of t(n)?
67
What are the prime factors of (-112)/84 - ((-5169)/9 - 2)?
5, 23
Let t(j) = -j - 16. Let z be t(-6). Let f = z - -16. What are the prime factors of f?
2, 3
Let w(r) = -2*r**2 + r + 13. Let n be w(0). Suppose 9*k - n*k = -220. List the prime factors of k.
5, 11
Let r be 133 + 3 + -4 - -1. Let d = r + -44. What are the prime factors of d?
89
Suppose -12*x + 22*x - 18270 = 0. What are the prime factors of x?
3, 7, 29
Let o = 193 + 275. What are the prime factors of o?
2, 3, 13
Let y be 2*(20/8 + -3). Let d = -18 - y. Let z = -3 - d. List the prime factors of z.
2, 7
Let j be (-106)/(7 - 4 - 5). Let b = 0 + j. List the prime factors of b.
53
Suppose -2*f = 17*f - 51756. What are the prime factors of f?
2, 3, 227
Suppose 454*c - 456*c + 2026 = 0. What are the prime factors of c?
1013
Let u = -65 + 36. Let c = u + 31. Suppose -c*b - 6 = -f + 6, 4*f = -5*b + 61. List the prime factors of f.
2, 7
Suppose 3*v = 3*a + 23 + 1, 4*v - 32 = a. What are the prime factors of (-968)/(-18) + v/36?
2, 3
Suppose 4*x - 132 = 4*v, 0*v + 2*v = x - 66. Suppose -3*w + 2*l = -172, -2*w + 0*l + 114 = -l. Let p = v + w. List the prime factors of p.
23
Suppose -5*u + 7*u - 6 = 0. List the prime factors of u - 2 - 35/((-2)/2).
2, 3
Suppose -n = -4*w + 1060, -7*w + 4*w - n + 788 = 0. List the prime factors of w.
2, 3, 11
Let o(h) = h + 7. Let x be o(-5). Let v(j) = 3*j**3 - 4*j**3 + 0*j**x - j**2 - 3 - 3*j. What are the prime factors of v(-3)?
2, 3
Let v(j) = -8*j - 69. Let l(x) = -7*x - 68. Let q(i) = -4*l(i) + 3*v(i). What are the prime factors of q(0)?
5, 13
Suppose -18*t + 1326 = -8430. What are the prime factors of t?
2, 271
Suppose 4*o - 2018 = -0*w - w, -2 = -w. List the prime factors of o.
2, 3, 7
Let a = -9 + 9. Suppose a = 5*c + 85 + 1085. List the prime factors of 10/35 - c/14.
17
Let j(d) = -3*d - 80. Let n be j(-29). List the prime factors of n/(189/(-6)) - 7885/(-45).
5, 7
Suppose -3*t = -214 - 314. Suppose 0*k - 117 = -3*x - 2*k, 4*k = 4*x - t. List the prime factors of x.
41
What are the prime factors of ((-11)/(88/(-4788)))/((-3)/(-6))?
3, 7, 19
Let c = 142 - -31. What are the prime factors of c?
173
Suppose 11*s - s - 50 = 0. List the prime factors of s.
5
List the prime factors of (3699/45)/((-2)/(-20)).
2, 3, 137
Suppose -2*j + 10*j = 4224. What are the prime factors of j?
2, 3, 11
Suppose 48*g = 6*g + 54894. List the prime factors of g.
1307
Suppose 7*a = 2*a + 20. Suppose -a*h - 228 = -2*g, -g = -0*h + 2*h - 130. List the prime factors of g.
2, 61
Let t be (-26 - -18)/(1 + -3). Suppose t = v + v. Suppose 2*d - 5*x - 230 = -v*d, -3*d + 171 = -3*x. List the prime factors of d.
5, 11
What are the prime factors of 4178/14 + 56/98?
13, 23
Suppose 14*q + 4*x = 16*q - 4142, 0 = -q + 4*x + 2071. What are the prime factors of q?
19, 109
Let j(f) = 4*f + 4. Suppose -4*t - t - 15 = 0. Let u be j(t). Let b(v) = v**2 - 2*v - 5. List the prime factors of b(u).
3, 5
Let x = 16 - 13. Suppose 3*t - 245 = -r, -2*t + 5*r = x*t - 395. Suppose 2*i - t = -5*w + 1, -5*i = -w + 11. What are the prime factors of w?
2
Suppose -26637 - 22533 = -15*p. What are the prime factors of p?
2, 11, 149
Suppose -7*o + 119952 = 35*o. What are the prime factors of o?
2, 3, 7, 17
Let w be 0 + -4 - (-1 - 3). Let v(p) = 5 - 2 - p + 3. List the prime factors of v(w).
2, 3
Suppose 0 = -989*u + 951*u + 148884. What are the prime factors of u?
2, 3, 653
Let b be 3*6/9*1. What are the prime factors of (((-1)/b)/(3/(-1446)))/1?
241
List the prime factors of (-2)/5 + 9 + (-66672)/(-30).
23, 97
Let o(b) = 41*b**2 + 3*b - 2. Suppose 2*n = 4 - 2. What are the prime factors of o(n)?
2, 3, 7
Let k(p) = -p**3 - 3*p**2 + 3*p + 7. Let i be k(-4). Suppose -4*h + 0 = -s + i, 5*h = 4*s - 22. Suppose -s*r - 2 = -68. List the prime factors of r.
2, 11
Let m = -5 - -10. Suppose 0 = 2*c - m*c + 24. Let i(t) = t**3 - 8*t**2 + 3*t - 8. List the prime factors of i(c).
2
Let s = -59 + 33. Let t be (17 + s)/(6/(-4)). Suppose 81 - t = 5*b. List the prime factors of b.
3, 5
Suppose -5*o = -4*v + 45, -4*v + v = 15. Let u = o - -13. Let l(y) = -y**2 + 15. What are the prime factors of l(u)?
3, 5
Suppose b + p + 20 = 0, -5*p = 4*b + 29 + 50. Let u = -15 - b. List the prime factors of u.
2, 3
Let j = 21 + 9. Suppose 2*i - j = -3*i. Let r = 11 + i. What are the prime factors of r?
17
List the prime factors of (-1)/((-5)/1 + (-275136)/(-55032)).
2293
Suppose 215*u - 185*u - 87540 = 0. What are the prime factors of u?
2, 1459
Suppose m - 1 = 1, 4*q + 3*m - 14 = 0. List the prime factors of q/(-7) + 256/14 + 1.
19
Suppose 3*m + 744 = 7*m. Let o = m + 28. What are the prime factors of o?
2, 107
Suppose 14*r = 13*r - 8. Let b = -94 - r. Let i = 131 + b. List the prime factors of i.
3, 5
Let v be (2 - (-36 - 3)) + -1. Suppose -s - 4*s = v. List the prime factors of (-32)/s - (-1 + 1).
2
Let z = -308 + 568. Suppose 2*l = -4*r + 83 + 35, -4*l + 4*r + z = 0. List the prime factors of l.
3, 7
Suppose 2*l = -941 + 2981. Suppose 2*p - 7*p = -l. What are the prime factors of p/10 + (-4)/10?
2, 5
Let s(a) = -44*a + 21. Let x be s(-6). Let g = -137 + x. List the prime factors of g.
2, 37
Suppose 0 = 37*n - 18957 + 5674. What are the prime factors of n?
359
What are the prime factors of 0/2 + 2 + 0 + 2473?
3, 5, 11
Suppose 234 = 2*x - 2*o, x + 5*o = 52 + 89. Let c = 48 - -38. Let h = x - c. What are the prime factors of h?
5, 7
Suppose 0 = -2*p + 3*p. Suppose p = -3*g - 4*q + 83 + 42, -130 = -4*g + 2*q. Suppose 5*f - g = -2*b, b - 4*f + 5 = f. What are the prime factors of b?
2, 5
Let n(p) = 16*p**2 - 3*p - 11. List the prime factors of n(5).
2, 11, 17
Let p(t) = 32*t - 8. Let d be p(7). Suppose 0 = -g - 3*g + d. List the prime factors of g.
2, 3
Suppose -2 = -3*t - 3*x + 10, 3*t - 4*x - 19 = 0. Suppose -d + 324 = d + 5*s, -t*d + 748 = -3*s. What are the prime factors of d?
2, 19
Let p(v) = -2*v - 3. Let w be p(-4). Suppose w*x + 5*i = 80, -3*x = -4*x + 5*i - 8. Suppose 2*l = 4*l - x. What are the prime factors of l?
2, 3
Suppose 3*c - 2336 = a, -7*a + 3916 = 5*c - 3*a. List the prime factors of c.
2, 3, 5, 13
Suppose -10 = i + 52. Let t = i + 90. List the prime factors of t/(-14)*30/(-4).
3, 5
Let y(w) = -19*w**2 - 7*w - 13. Let h be y(-2). Let l = 148 + h. List the prime factors of l.
73
Let j be (-3)/1 - (-5 - -2). Suppose u - 11 = 2*q + 6*u, 5*u + 21 = 3*q. Suppose 0 = -q*f + 42 - j. What are the prime factors of f?
3, 7
Let v(a) = 6*a + 10. Suppose -d - 32 = -5*d. What are the prime factors of v(d)?
2, 29
Suppose -5*q + 4*s = -1, q - 2*s = -0 - 1. Let y(n) = 3*n. Let p be y(q). Suppose 19 = 2*k - p*h - 40, -4*h = 5*k - 113. What are the prime factors of k?
5
Suppose 0 = -3*k + 36 - 6. Suppose 0 = -3*o + 4*o + k. List the prime factors of (175/o)/(1/(-2)).
5, 7
Let j = 13 + -28. Let o(t) = t**3 + 14*t**2 - 16*t - 11. Let y be o(j). Suppose 0 = -i - y*i + 270. List the prime factors of i.
2, 3
Let n(j) = 2*j**3 - 4*j**2 + 3*j + 4. Let r be 4/(-6) + (-6)/(-9) + 3. List the prime factors of n(r).
31
Suppose 5*m + 0*m = -u - 9, 4*u + 4 = -4*m. Let z be (m - -4)/(3/288). Suppose -12 = -4*o + 4*k + z, 2*k = 4*o - 208. What are the prime factors of o?
53
Let k = 66 - -58. What are the prime factors of ((-899)/k)/((-1)/12*1)?
3, 29
Let b(f) = -f**3 + 7*f**2 - 16. Let i be b(5). Let j be 246/4 - (-2)/(-4). Let d = j - i. List the prime factors of d.
3
Let s(u) = 66*u - 45. List the prime factors of s(3).
3, 17
Let n(g) = g**3 - 13*g**2 - 17*g + 15. Let r be n(14). Let m = r - -24. Let w(a) = 4*a**2 + 6*a. What are the prime factors of w(m)?
2, 3
Let j = 23 - 22. List the prime factors of -8*((-28)/4 - j).
2
Let a be (-9)/3*(-9)/(-3). What are the prime factors of (318/a + 0)/(8/(-12))?
53
Let o(u) = u**2 + 40*u - 40. What are the prime factors of o(26)?
2, 419
Suppose 61 = 7*x - 51. Suppose 400 = 21*n - x*n. What are the prime factors of n?
2, 5
Let k(o) = 33*o - 15. Let x be